12 + 2*o**3/3 + o**2/2 + 8*o. What is the remainder when s(-6) is divided by 4?
1
Let l(y) = -y**2 + 4*y + 6. Let m be l(5). Let t = m + 18. Let q(b) = -b**3 - b**2 + 4*b + 1. What is the remainder when t is divided by q(-3)?
5
Let a = 8 - 5. Suppose 5*i = 3*w - 15 - 91, 5*w - 230 = -5*i. Suppose -a*p + w = -3. What is the remainder when 44 is divided by p?
14
Suppose 5*k = -3*h + 2*k + 21, 3*h - 5*k = 29. Suppose -3*x = 2*f - h*x - 33, 3*f - 5*x = 47. What is the remainder when 25 is divided by f?
11
Let u = -7 - -3. Let a(k) = -4*k + 1 + 0*k + 4. What is the remainder when a(u) is divided by 11?
10
Suppose -2*o - 63 = -4*b + b, b - 5*o - 21 = 0. Calculate the remainder when b is divided by 8.
5
Let f(j) = j**3 - 12*j**2 + 10*j + 5. Let r be f(11). Let y be -2 + 1 - (-1)/(-1). Let n = y - r. Calculate the remainder when n is divided by 3.
1
What is the remainder when 8/(-2) + (65 - 12) is divided by 13?
10
Suppose 23 = 4*h - 69. Let o = -26 - -34. What is the remainder when h is divided by o?
7
Suppose 2*k + 14 = 3*k. Let n = -8 + k. Let r(x) = -2*x + 5. Calculate the remainder when r(-6) is divided by n.
5
Let p = 28 - 11. Suppose -4*o + 192 = -0*o. What is the remainder when o is divided by p?
14
Let j(b) = 5*b**2 + 3*b + 3. Let a(u) = 2*u**2 + 8*u + 15. What is the remainder when j(3) is divided by a(-4)?
12
Let h be (3 - 2)/(2/12). Suppose v = h - 2. Suppose v*r + 0*k - 42 = 2*k, r + 3*k - 21 = 0. What is the remainder when 23 is divided by r?
11
Suppose 6*j - 2*j = -i + 22, -2*i + 4*j - 4 = 0. What is the remainder when 22 is divided by i?
4
Let x be -1 - (0/(-2) + -3). Suppose -x*q = -6*q + 12. Suppose q*w + 0*s + s - 57 = 0, -2*s + 57 = 3*w. Calculate the remainder when 36 is divided by w.
17
Suppose -2*g = -141 - 109. What is the remainder when g is divided by 32?
29
Let q(z) = 13*z**3. Calculate the remainder when 36 is divided by q(1).
10
Let s = -5 - -10. Let r = s + -3. Calculate the remainder when (52/(-10))/(r/(-10)) is divided by 9.
8
What is the remainder when 54 is divided by ((-63)/(-6))/((-6)/(-8))?
12
Let a(p) = -p + 0*p - 1 + 2*p**2 + p**3 + 0*p**3. Let u be a(-2). Suppose -2*t = z - 15 - u, 0 = -2*z. What is the remainder when 23 is divided by t?
7
Let r(x) = -4*x - 6. What is the remainder when 29 is divided by r(-4)?
9
Suppose 5*c + 91 = j + 9, -3*j = 5*c - 186. Let i be 12/(-78) + 54/13. Suppose i*b + 11 = j. Calculate the remainder when 40 is divided by b.
12
Let g(m) = m**2 - 1. Suppose 20 = 3*i + i. Calculate the remainder when g(-3) is divided by i.
3
Let v(q) = 5*q - 1. Let a = 61 - 52. Calculate the remainder when v(7) is divided by a.
7
Suppose 4 - 12 = -2*t. Suppose -141 = -3*f - 0. Calculate the remainder when f is divided by 4/(8/t)*6.
11
Suppose 2*x - 46 + 10 = 0. Calculate the remainder when 53 is divided by x.
17
Suppose i - 17 = -4*n, 2*i + 3*n + 5 = 39. What is the remainder when 101 is divided by i?
16
Suppose 2*x = -6, 3*x - 8 = -4*h + 3*h. Calculate the remainder when 31 is divided by h.
14
Let n = 11 - 11. Suppose n*h - 22 = -2*h. Suppose -96 = 4*s - 7*s. What is the remainder when s is divided by h?
10
Suppose 222 = 4*s - 2*h, -h - 55 = s - 2*s. What is the remainder when s is divided by 270/14 - (-6)/(-21)?
18
Let a = 57 - 31. Suppose -3*o = o. Suppose o = 2*j - j - a. Calculate the remainder when j is divided by 9.
8
Let r = 9 - 3. Let q(m) = 16*m + 1. What is the remainder when q(1) is divided by r?
5
Suppose 0 = -c - 4, o - 3 = -c + 9. Suppose -m = -5*m + 188. What is the remainder when m is divided by o?
15
Suppose 98 = 16*i - 9*i. What is the remainder when i is divided by 8?
6
Calculate the remainder when 5 + (-12)/8*2 + 46 is divided by 17.
14
Let y be 1*(-1 + 0)*-91. Let t = y - 39. Suppose l - t = -3*l. What is the remainder when 25 is divided by l?
12
Calculate the remainder when 38 is divided by (-455)/(-52) - (18/(-8))/(-3).
6
Suppose 3*c - 1 + 5 = -4*y, -4*c + 8 = 2*y. Suppose -c*a = -0*a. Suppose a = m - 10. What is the remainder when 19 is divided by m?
9
Let f(r) = r**2 + 9. What is the remainder when f(-8) is divided by 15?
13
Let b = 6 - -10. Let z = 517 - 357. Let o = -114 + z. What is the remainder when o is divided by b?
14
Suppose -3*u - t + 80 = 3*t, -3*t = -2*u + 25. Calculate the remainder when u is divided by 3/(-3)*2 + 13.
9
Let d = -132 + 204. Suppose g - d = -3*g. Calculate the remainder when g is divided by 7.
4
Let r(y) = -2*y + 2. Let f be r(-2). Suppose 3*l - f = -0*l. What is the remainder when l is divided by 1?
0
Let q = -5 + 6. What is the remainder when 35 is divided by 6/(-3)*q - -14?
11
Suppose 0 = 5*u - 3*r - 27 - 18, -5*u + 25 = r. Calculate the remainder when ((-3)/(-2))/(u/124) is divided by 11.
9
Let o = -16 - -14. Let g = -3 + 21. Calculate the remainder when g is divided by (1 - o) + (-2 - -9).
8
Let u(j) = j**3 - 3*j + 28. What is the remainder when 82 is divided by u(0)?
26
Let t = -126 + 154. What is the remainder when 193 is divided by t?
25
Let z = -5 + 5. Suppose 39 + 14 = 3*m - 5*c, -2*m + 2*c + 30 = z. What is the remainder when 20 is divided by m?
9
Let n(i) be the second derivative of -i**5/20 + i**4/6 + 11*i**2/2 + 8*i. What is the remainder when n(0) is divided by 7?
4
What is the remainder when (-393)/(-6) - (-2)/(-4) is divided by ((1 - 7) + 5)*17/(-1)?
14
Suppose 3*b - 5*b + 46 = 0. Calculate the remainder when (-37 - 8)/((-2)/4) is divided by b.
21
Suppose 0 = 5*u - u. Let h(r) = r**2 + 3*r + r + u*r**2 + 2. Calculate the remainder when 25 is divided by h(-5).
4
Let y(n) = -4*n**2 + n - 1. Let c(t) = -4*t**2 + 2*t - 1. Let k(b) = 3*c(b) - 4*y(b). What is the remainder when 49 is divided by k(-2)?
10
Suppose -3*c + 75 = 12. What is the remainder when c is divided by 12?
9
Let s(j) = -13*j - 25. Suppose -i = i - 54. Calculate the remainder when s(-6) is divided by i.
26
Suppose p = 5 + 10. What is the remainder when 58 is divided by p?
13
Let h(d) = -d**3 - 7*d**2 - d - 4. Suppose -5*x + 4 = 4*a, -4*x + 5*a + 36 = -0*a. Let b = 6 - x. Calculate the remainder when h(-7) is divided by b.
1
Suppose -3*n + 27 = -b, -4 = 5*n - 3*b - 49. Let o = 13 - n. Suppose 4*u = 8 + o. Calculate the remainder when 7 is divided by u.
1
Let i = -13 - -56. Suppose 0 = 5*x - 46 - 59. Let o = x + -6. What is the remainder when i is divided by o?
13
Suppose 5*d = 6*d - 2. Calculate the remainder when 2 is divided by d.
0
Suppose -4*v + 4 = 3*x, 2*v = x + 4*x - 24. Calculate the remainder when -12*(-6)/20*5/2 is divided by x.
1
Let r be 3 - ((2 - 4) + -37). Suppose -2*z = -v - 0*v + 23, -3*v - 3*z = -r. Calculate the remainder when v is divided by 5.
2
Suppose 14*q = 6*q + 16. What is the remainder when 7 is divided by q?
1
Suppose 0 = 4*n - 26 - 38. Calculate the remainder when n is divided by 5.
1
Suppose 4*p + 68 = 4*i, -3*p - 20 - 10 = -2*i. Calculate the remainder when i is divided by 11.
10
Let m = -3 - -46. Suppose 2*p + 12 = 6*p. What is the remainder when m is divided by p*(1 + 4/1)?
13
Suppose -6*s = -3*s + 15, -2*s + 44 = 3*k. What is the remainder when 45 is divided by k?
9
Suppose -3*d - 10 = -49. Let l be (-2 + 2)/(-2) + d. What is the remainder when 2744/91 + (-2)/l is divided by 16?
14
Suppose f + 4*f - 3*g + 103 = 0, 5*f - 4*g = -104. Let n = f - -22. Let w(l) = l**3 - 6*l**2 + 2*l - 9. What is the remainder when w(6) is divided by n?
1
Let g(s) = -s**2 + 12*s - 13. Let l be g(11). Let y be (-6)/(-4)*l/(-3). Calculate the remainder when 39*y - (-5 - -3) is divided by 11.
8
Let o = 51 - 11. Calculate the remainder when o is divided by 14.
12
Let x be (1/1 - 1)/(-2). Suppose 5*g + 40 - 110 = x. Suppose 3*y = -n + g - 6, 5*y - 80 = -5*n. What is the remainder when 58 is divided by n?
18
Let w = 26 + -2. Suppose f - w = -3. What is the remainder when 26 is divided by ((-4)/3)/((-2)/f)?
12
Let q = 30 + -12. Calculate the remainder when q is divided by 5.
3
Let m = 3 - -3. Let f = -28 - -39. What is the remainder when f is divided by m?
5
Suppose 0 = 3*c - 77 + 5. Calculate the remainder when 416/6 + 4/6 is divided by c.
22
Suppose -3*m + 1 + 104 = 0. Let v = m - 9. Suppose -v = -5*w - 1, 0 = 3*z + 3*w - 54. Calculate the remainder when z is divided by 7.
6
Let j be (-3 + 1)/(4/(-26)). Suppose 3 = -3*q, 2*q + 2*q + j = w. Calculate the remainder 